- 2*t(r). Is y(-6) composite?
False
Let z(x) = -x**3 + x**2 - x + 2. Let l be z(0). Suppose -862 = 5*s - 3032. Suppose 0 = l*f - 0*f - s. Is f composite?
True
Suppose 5*f + 6908 = 4*d - 3*d, 0 = 3*f - d + 4146. Is (4 - 3)*-2*f/2 a prime number?
True
Suppose -39261 = -k + 5566. Is k prime?
False
Let n = -57 + 54. Is n/((-15)/6 + 1) + 269 prime?
True
Let r(i) be the third derivative of -i**5/60 + i**4/8 - i**3/6 - 5*i**2. Let m be r(3). Is (m - 2/(-6))*-303 prime?
False
Suppose -20*v + 92 = -1628. Is v composite?
True
Let g = 82329 - 17042. Is g composite?
False
Suppose -2*x = -0*x + b - 61, -4*x = 4*b - 120. Let i = -27 + x. Suppose -201 - 249 = -5*s + 3*y, i*s - 347 = 5*y. Is s a prime number?
False
Suppose u = -4, -g + 4*u + 0 = -22. Suppose -4*v - 8 = 0, 3*p + 3*v + 3 = -g. Is p - (-207 - -3) - 2 composite?
True
Suppose 8 = 2*u - 2. Suppose 2*p = u*p. Suppose 0 = 2*v - p*v - 1282. Is v composite?
False
Suppose -11*g = 45 - 1024. Is g prime?
True
Let c = 6162 - 3105. Is c a prime number?
False
Suppose 3*k = b - 16544, -3*b - 5*k = -8*b + 82730. Is b prime?
True
Let w = -18 + 20. Suppose -4 = w*i, d - i + 16 - 89 = 0. Suppose -l + d = -14. Is l a composite number?
True
Suppose -2*o = -5*b - 321, 4*b = -2*o + 74 + 256. Is o a composite number?
False
Let q(n) = -15*n**3 + 12*n**2 - 5*n + 7. Is q(-9) prime?
True
Suppose 3*k = -y + 7008, 3*k - 3*y = 2*y + 6990. Suppose -3*u = 2*u - k. Is u a prime number?
True
Let q(l) be the second derivative of 2*l**3/3 - 5*l**2 - 6*l. Let c(z) = -z**2 + 9*z - 20. Let o(r) = -2*c(r) + 5*q(r). Is o(-7) a composite number?
True
Let b = 1 - 175. Is 24/18*b/(-4) a prime number?
False
Is (-2)/(-16) + 4162725/280 composite?
False
Let j be (-1 + (-67)/(-2))*12. Suppose 2*w = 35 + 347. Let r = j - w. Is r prime?
True
Let u(a) = 4*a**2 + 3*a - 42. Is u(13) composite?
False
Is 3394 + (-141)/(-45) + (-26)/195 a prime number?
False
Suppose 0 = 2*c + u - 10, 2 = -u + 4. Let a = -30 + 320. Is a*(-2 - (-10)/c) prime?
False
Let c(l) = 460*l - 4. Let q be c(3). Suppose 5*g - q = 149. Is g prime?
False
Let t(h) = 9*h**2 - 14*h - 135. Is t(34) composite?
True
Let l = 7094 - 715. Is l a composite number?
False
Suppose c = 6*c, -4*a - 4*c + 64 = 0. Is 7704/90 + (1 - a/10) prime?
False
Suppose 0 = 142*z - 143*z + 71561. Is z a prime number?
False
Let d be -2*1/4*48/(-2). Suppose -293 = -13*m + d*m. Is m composite?
False
Suppose 5*d + 13 + 2 = 0, -4*f - 4*d + 4 = 0. Suppose -w - 76 = -5*w - 4*j, -2*w = f*j - 36. Suppose 0 = -w*p + 17*p + 1869. Is p a composite number?
True
Suppose 32686 = 12*w - 30878. Is w a composite number?
False
Is ((-347427)/(-12))/(((-36)/16)/(-3)) a composite number?
False
Is 1 + (-62532)/(-15) + (-308)/385 a prime number?
False
Let i = 7399 + -4290. Is i composite?
False
Suppose 6*k - 9*k + 9 = 0. Let g = 428 + k. Is g a prime number?
True
Let c = 17 + -13. Suppose 5*a = -4*d + 8550, c*a + 9*d - 6*d - 6839 = 0. Is a a prime number?
False
Let n(o) = 41*o**3 + o**2 - 6*o + 9. Is n(5) a prime number?
False
Let w be (-1)/(-1 - (0 - 2)). Is 5*w*(-1594)/10 composite?
False
Suppose 0 = -3*w + 3*p + 64659, -14*w + 15*w - 21577 = -5*p. Is w prime?
True
Let c = -65 - -67. Suppose 4*m + 5616 = 4*j, -4*j + 2088 = -c*m - 3524. Is j a prime number?
False
Suppose o + 905 = i + 2*o, 0 = 3*i - 2*o - 2705. Suppose 2*r - 535 = i. Is r prime?
True
Suppose 60*q - 17843 = 17977. Is q composite?
True
Suppose 7006 = 3*n - n. Let o = n - 2025. Is o a composite number?
True
Suppose -5*u - 4*y + 132619 = 44038, 5*u - 88580 = -5*y. Is u a composite number?
True
Suppose -20*a + 36 = 136. Let d(f) be the first derivative of -f**4/2 + f**3/3 - 3*f**2 - 4*f - 2. Is d(a) a composite number?
True
Let s(h) = 10*h**2 + 19*h - 157. Let k be s(6). Suppose d + 5*a = -22, -a = -d - 2*a - 6. Is 1/2 - k/d composite?
True
Let n(r) = -213*r**2 + 4*r - 5. Let g(x) = 106*x**2 - 2*x + 3. Let b(o) = -7*g(o) - 4*n(o). Is b(-3) a composite number?
True
Let o(m) = -238*m**3 - 2*m + 1. Let v be o(2). Let s = -1320 - v. Is s prime?
True
Suppose -6*q + 5*q = -409. Is q a prime number?
True
Let z = -36 - -15. Is (-14)/z - 8822/(-6) composite?
False
Let v(b) = b**3 + 27*b**2 - b + 70. Is v(-24) a composite number?
True
Suppose -3*g + 28031 = -4*s, -4580 = g + s - 13912. Is g prime?
True
Let g be (-3)/((-1)/1 - -2). Let b(m) be the first derivative of 58*m**3/3 - m**2 - 7*m - 209. Is b(g) a prime number?
True
Suppose 12 = 3*x + x. Suppose -x*n + 2*n = 140. Let o = -27 - n. Is o prime?
True
Let v = -1 + 5. Suppose -4*q - 2*x + 4 = 0, -v*x = 2*q - 3 + 1. Is q*(292 + -1 + 2) a composite number?
False
Let z = 3761 + -2544. Is z prime?
True
Is 53/(795/(-90))*(-29269)/6 composite?
False
Suppose 0 = 37*b + 5*b - 10781358. Is b a composite number?
False
Suppose 2 = -s, 5*i - 631 = 4*s - s. Suppose 5*f - 4*f = i. Is 0 + 2 + 1*f composite?
False
Suppose 7 = -4*o - 17. Let z = -6 - o. Suppose z = 5*p + 60 - 605. Is p a prime number?
True
Let t = 3906 + 6391. Is t a composite number?
True
Let p(r) = r**3 + 14*r**2 + 26*r - 15. Let a be p(14). Suppose 0 = -3*j + 4*o + 8759, 2*j = -0*o + 5*o + a. Is j a prime number?
False
Is (-18)/3 + 7 - -294 a composite number?
True
Suppose x + 3*l = -7, 4*l - 3 = x + 3*l. Let q(d) = -d**3 - 4*d**2 - 2*d - 6. Let m be q(x). Suppose m*w - 18 = 32. Is w prime?
False
Suppose -2*l = 5*k - 4595, 0 = -3*k - 7*l + 2*l + 2757. Is k a composite number?
False
Suppose b - 2*w + 3602 = -3*b, 3*b + 2714 = 4*w. Let i = -308 - b. Suppose 0 = -4*s + 3*m + 586, -4*s + m = -4*m - i. Is s prime?
False
Suppose 5*q - 10 = 0, -5*h + 5*q + 51 + 4 = 0. Let n(z) = 10*z**2 - 17*z - 4. Is n(h) a prime number?
False
Suppose -8*s + 172777 = 3*s. Is s a composite number?
True
Suppose -1 - 2 = 3*a. Let o = a - -4. Suppose -o*m + m + 14 = 0. Is m composite?
False
Let v(c) = 74*c - 4. Let q be v(5). Suppose 29*d - 28*d = 3, -2*l - 3*d + 27 = 0. Is q*(27/6)/l prime?
False
Let r(q) = 524*q - 361. Is r(34) composite?
True
Suppose -2*x + 6*x = 44. Is x*(-1)/((-1)/1) - -3 prime?
False
Let v = -7 + 16. Suppose 0 = w - 18 - v. Let g = 62 - w. Is g a composite number?
True
Suppose 14*p - 8*p = 44994. Is p composite?
False
Let g(v) = -57*v + 2. Suppose 2*h + 17 = -d, 13 = -4*h - 0*d + 5*d. Let s = -8 - h. Is g(s) composite?
False
Let x be 9/3 + 0 + 1. Let q = -2 + x. Suppose 8 = -q*u, 3*f = 6*f + 5*u - 175. Is f prime?
False
Let a(g) = 231*g + 61. Is a(4) composite?
True
Suppose v = -3*d + 636, 0 = v - 0*v + 5*d - 642. Let x = v + 272. Is x a prime number?
False
Let w be 3 - (-3 - 0/1). Suppose 2*p + p = w. Suppose 2*g - 5*c + 242 = 5*g, 4*c = p*g - 132. Is g composite?
True
Let d = -14 - -13. Let t be -1*((-4)/(-4) + d). Suppose t = 2*r + r - 165. Is r prime?
False
Suppose -5*f - 125100 = -5*n, 108*n - 110*n - 2*f = -50048. Is n a prime number?
False
Let p(z) = -63*z + 11. Let s(w) = 188*w - 33. Let m(u) = -17*p(u) - 6*s(u). Let l(b) = b**3 - 5*b**2 - 7*b - 4. Let a be l(6). Is m(a) a prime number?
False
Let b(g) = g**3 - 29*g**2 + 107*g - 18. Is b(25) a composite number?
False
Let j(h) = 6*h**2 - 5*h - 2. Let m(n) = -7*n**2 + 6*n + 3. Let d(y) = -4*j(y) - 3*m(y). Let a be d(1). Is ((0 - 3) + -655)/a composite?
True
Let x(p) = -2*p**2 - 25*p - 9. Let j(f) = f. Let k(z) = -2*j(z) - x(z). Let h(d) = d**3 + 24*d**2 + 43*d - 6. Let t be h(-22). Is k(t) a prime number?
False
Let b be (7346/(-8))/((-4)/16). Suppose -5*r - k = 468 - b, -4*k = 4*r - 2564. Is r composite?
False
Let w(c) = -8*c**3 - 7*c**2 + 8*c - 3. Let g be w(6). Let f = 3592 + g. Is f prime?
True
Let b(j) = 3145*j - 22. Is b(3) a prime number?
True
Let n = 18 + 4. Let b(g) = 8*g - 79. Let z be b(8). Let r = n + z. Is r composite?
False
Let r(s) = s**2 - 6*s. Let v(t) = t**3 - 10*t**2 + 2*t - 14. Let l be v(10). Let y be r(l). Let w = 11 + y. Is w prime?
True
Let m be (-5 - (2 - 4)) + -250. Let a(c) = 10*c**2 + 9*c + 3. Let l be a(-7). Let p = m + l. Is p prime?
False
Suppose 39590 = -10*x + 207100. Is x prime?
False
Suppose -6024 = -2*m - 2*m. Suppose 4*l - 1098 = m. Suppose l = -0*p + 3*p. Is p composite?
True
Let z(a) = -2*a**3 + 5*a**2 + 3*a + 4. Let g be z(4). Let m = g + 14. Let l = 101 - m. Is l composite?
True
Is 24/36 + (-7705)/(-3) a prime number?
False
Suppose -9*a - 2362 = -10*a. Is a composite?
True
Let f(m